*r - 3. Let u be g(-2). Let h = -31 + u. Let x = 37 + h. List the prime factors of x.
23
Suppose 4*h - 6*k - 685 = -7*k, -4*h + 703 = -5*k. List the prime factors of h.
2, 43
Let z be (2*262)/2 + 5 + -3. Let j = z - 82. List the prime factors of j.
2, 7, 13
Let w(b) = -b**2 + 16*b - 14. Let l be w(9). Suppose -2*r = -l - 83. List the prime factors of r.
2, 3, 11
Let c = 39 + -28. Suppose -n + c + 14 = 0. What are the prime factors of 1115/n + (-6)/10?
2, 11
Let i(l) = -l**3 + 16*l**2 - 13*l - 15. Let g be i(15). Suppose -67 - g = -u + 2*n, 106 = u + 4*n. List the prime factors of u.
2, 3, 5
Let p = 1527 + -748. Suppose p - 275 = 4*m. What are the prime factors of m?
2, 3, 7
Let o = -76 - -197. What are the prime factors of o?
11
Let t = 215 + -128. Suppose 2*w - 3*w + 24 = 2*g, -3*w - g = -t. List the prime factors of w.
2, 3, 5
Suppose -61 = 5*y + 54. Let o = y - -38. What are the prime factors of o?
3, 5
Suppose 0*a = -2*w + 3*a + 60, 6 = 3*a. Let b = -31 + w. Suppose -2*v + 164 = b*v. What are the prime factors of v?
41
Suppose 15*b = 13*b + 10. Suppose 8*r - 3*r - 20 = 0, 3*r = -b*c + 107. What are the prime factors of c?
19
Let v(o) = -8*o + 5. Let r be v(-5). Let d be (-8)/(-10)*70/(-4). Let l = d + r. List the prime factors of l.
31
Suppose -6*w - 9 = -3. Let x(s) = -28*s**2 - 2*s - 2. Let z(n) = -n**2 - n - 1. Let i(a) = -x(a) + z(a). List the prime factors of i(w).
3
What are the prime factors of (-3)/(6/(-1268)) - (-3)/3?
5, 127
Suppose -3*f + 7*f = 3*w + 1721, 0 = -4*f + 5*w + 1711. What are the prime factors of f?
2, 7, 31
Let n(x) = 3*x**3 + 12*x**2 - 12*x + 8. Let j(o) = 7*o**3 + 24*o**2 - 23*o + 17. Let h(m) = -2*j(m) + 5*n(m). What are the prime factors of h(-13)?
19
Let t(y) = -2*y + 9*y - 7 - y. Let m = 5 - 0. What are the prime factors of t(m)?
23
Let a(z) = 268*z - 97. List the prime factors of a(4).
3, 5, 13
Suppose 0 = -3*w + 7*w + 32. Let p(f) = -11*f - 21. What are the prime factors of p(w)?
67
Let x be ((-12)/4)/((-2)/10). Let y be 2/(-6) + (-16)/(-3). Suppose 0 = -s - y*h + 3, -s - 2*h + x = -h. What are the prime factors of s?
2, 3
What are the prime factors of ((-3)/(-6) + -1)*-552?
2, 3, 23
Let x(l) be the first derivative of -l**3/3 + 3*l**2 + 4*l + 6. Let i be x(6). Suppose i*o = 47 + 9. List the prime factors of o.
2, 7
List the prime factors of ((-1572)/(-10))/((-72)/(-720)).
2, 3, 131
Let r = -111 + 116. Let w(k) = k - 2. Let l be w(2). Suppose r*a - f = 168 - 56, l = -4*f + 12. List the prime factors of a.
23
Suppose 17*c + j = 12*c + 3177, c + 4*j = 643. What are the prime factors of c?
5, 127
Suppose 2*z = -f + 135, 8*f = 3*f - 15. Suppose -i + 24 + z = 0. What are the prime factors of i?
3, 31
Let k(p) = -p**2 + 8*p - 12. Let j be k(5). Suppose -4*z = -8*z + 5*a + 198, a = -j*z + 158. List the prime factors of z.
2, 13
List the prime factors of (-1976)/(-39)*39/4.
2, 13, 19
Let d = -7 + 8. Let s be -7 - -8*d/2. List the prime factors of -87*s/((-18)/(-2)).
29
Let f(m) = 4*m**3 + 12*m**2 - 39*m. What are the prime factors of f(6)?
2, 3, 59
Let w = -1110 - -1963. What are the prime factors of w?
853
Suppose 3*v - 2905 = -4*k + 2872, 2*v + 10 = 0. What are the prime factors of k?
2, 181
Let l(d) = 2*d - 1. Let r be l(0). List the prime factors of (r*1)/(12/(-300)).
5
Let o(c) be the third derivative of c**5/30 + 5*c**4/24 + c**3/3 + 10*c**2. List the prime factors of o(-5).
3
Suppose -3*o = -z + 5, 5*o + 2*z + 27 = -z. What are the prime factors of o - 204/(-3) - -4?
3, 23
Suppose 0 = 3*q - 0*c - 5*c - 40, 0 = 3*c + 15. Suppose -9 = 4*y + 3*f, -q*y = -f - 3 - 0. Suppose y*j + 15 = 3*j. What are the prime factors of j?
5
Let d(g) = 13*g - 6. Suppose 0 = 6*s - 7*s + 3. What are the prime factors of d(s)?
3, 11
Let w(v) = 63*v - 17. What are the prime factors of w(12)?
739
Let x(w) = w + 1. Let t(m) = 4*m**2 + 8*m + 10. Let p be 1/(-3) + 24/18. Let l(c) = p*x(c) + t(c). List the prime factors of l(-5).
2, 3, 11
Suppose 0 = -6*y + 5*y + 3. Let g be -1*y/(-3) - -2. Suppose -4*v + v + 76 = -2*u, 0 = -g*u + 12. What are the prime factors of v?
2, 7
Let a be 3240/70 - 4/14. Suppose 2*i - 186 = a. Suppose 3*q = 25 + i. List the prime factors of q.
47
Let p = 522 + -302. List the prime factors of p.
2, 5, 11
Let s(b) = 11*b**2 - 6*b - 8. Let p(a) = -a**3 - 5*a**2 - 7*a - 8. Let t be p(-4). List the prime factors of s(t).
2, 3
Let q be (7/4)/((-13)/208). Let g = 49 + q. Suppose -4*c + 115 = -5*n, 0 = -5*c + n + 170 - g. What are the prime factors of c?
2, 3, 5
Suppose 0 = -7*g + 4 + 24. Suppose g*j + 269 - 1047 = -3*x, 5*x + 4*j = 1286. What are the prime factors of x?
2, 127
Suppose 2*s = 4*s - 4. Suppose 4*p + o - 1500 = -255, p - s*o = 300. List the prime factors of p.
2, 5, 31
Suppose -h - 667 = -4*h + 4*o, -5*h - 3*o + 1073 = 0. List the prime factors of h.
7, 31
Suppose -2*d - 2*d = -2*y - 12, 2*y - d = 3. Let f = 12 - y. Suppose 2*n = f + 6. What are the prime factors of n?
7
Let h = 634 + 1307. What are the prime factors of h?
3, 647
Suppose v = -2*v + 9. Suppose -o + 100 = 4*j - j, -v*j - 276 = -3*o. What are the prime factors of o?
2, 47
Let x(o) = -18*o + 31. List the prime factors of x(-30).
571
Let w = -7 - -5. Let u be w/(-10) - 1897/35. Let h = -26 - u. What are the prime factors of h?
2, 7
Let b(n) = 4*n**2 + 14*n - 32. What are the prime factors of b(13)?
2, 7, 59
Let z(o) = 5*o + 1 - 158*o**3 + 6 + 159*o**3 - 6*o**2. List the prime factors of z(6).
37
Let g(x) = x + 13. Let k(t) = -3*t - 52. Let h(d) = -9*g(d) - 2*k(d). Let l = -11 + 3. List the prime factors of h(l).
11
Suppose 2419 = 4*f + 3*y, -5*f + 0*y - y = -3032. Suppose 2*q + 583 = 4*g - q, 4*g - f = -5*q. What are the prime factors of g?
2, 37
Let n = 2 + 2. Suppose n*f - f = -15. Let v(w) = w**3 + 6*w**2 - w. What are the prime factors of v(f)?
2, 3, 5
Let o(a) be the first derivative of a**4/3 - a**3/2 - 3*a**2 + 9*a - 5. Let w(s) be the first derivative of o(s). What are the prime factors of w(-3)?
3, 13
Let q = 36 + 244. List the prime factors of q.
2, 5, 7
Let y(k) be the first derivative of -3*k**2 + 4*k - 22. What are the prime factors of y(-4)?
2, 7
Let k = 55 - 10. Suppose k = 4*z - 15. Suppose 5*i = -a + 3*a + 93, 0 = i - 4*a - z. What are the prime factors of i?
19
Let h(a) = -3*a**3 + 18*a + 23. List the prime factors of h(-8).
5, 283
Let d = -139 + 175. List the prime factors of d.
2, 3
Let o = -24 + 28. Suppose 0 = -o*w + 5*v + 249, -4*v = 3*w - 94 - 116. What are the prime factors of w?
2, 3, 11
Suppose 5*k - 2*k - 9 = 0. Let n(l) = 13*l**2 - 8*l + 7. What are the prime factors of n(k)?
2, 5
What are the prime factors of (579120/(-63))/(-4) - 72/756?
2, 3, 383
Let z(l) = -15*l - 140. What are the prime factors of z(-24)?
2, 5, 11
Suppose 2*l + 11 = 3*k, 3*l + 4*k = 5*l + 16. Suppose -p + l*p + 5*m = 70, -2*p - m = -140. List the prime factors of p.
2, 5, 7
Let z(v) be the second derivative of 1/3*v**3 - 2*v + 1/2*v**2 + 4/3*v**4 + 0. List the prime factors of z(-1).
3, 5
Suppose -5*t = -5*r - 1575, 3*r + 651 = 2*t + 22. What are the prime factors of t?
2, 79
Suppose 58*d + 35*d = 137826. List the prime factors of d.
2, 3, 13, 19
Suppose -13214 - 8626 = -40*p. List the prime factors of p.
2, 3, 7, 13
What are the prime factors of (5 + 285 - 3/(-2))*2?
11, 53
Let k(t) be the third derivative of -11*t**2 + 0*t + 11/2*t**3 - 1/24*t**4 + 0. What are the prime factors of k(0)?
3, 11
Let w(n) = n**2 - 6*n - 1. Let r be w(7). Suppose -3*j + 480 = 3*d, r*d + 466 = 9*d - 4*j. List the prime factors of d.
2, 79
Suppose 8*w + 1833 + 543 = 0. Let l = -107 - w. List the prime factors of l.
2, 5, 19
Let x(d) = 2*d**2 + 4*d + 4. Let n be x(-3). Let c be 4/(-10) - (-24)/n. Suppose -c*u + g = -0*g - 32, 2*u - 44 = -5*g. What are the prime factors of u?
17
Let n(a) = -2*a + 73. Let x = 87 + -74. List the prime factors of n(x).
47
Let i(j) = -j**3 - 7*j**2 + j + 58. What are the prime factors of i(-6)?
2
Let l(s) = s**2 - 29*s - 53. List the prime factors of l(-28).
1543
Let u = 15 - -185. What are the prime factors of u?
2, 5
Let v = 1539 + -471. List the prime factors of v.
2, 3, 89
Let h = 27 - -20. Suppose -h = -m + 4. What are the prime factors of m?
3, 17
Let u be (2 + 43)/(-2 - -3). Let p = u - -21. What are the prime factors of p?
2, 3